1. Let f be y(8). Let w(q) = -3 - 2 + 6*q - 2*q. Is w(f) a prime number?
True
Suppose 7*i - 65 = 68. Is i a prime number?
True
Suppose -2*i + w + 2 = -4, i + 3*w + 4 = 0. Suppose -3*x - 8 = -2*x + 5*s, 4*x - 4 = -i*s. Suppose 42 + 10 = x*g. Is g composite?
True
Suppose 0*o = 4*o + 708. Let d = 356 + o. Is d a prime number?
True
Let k = 1 + 2. Suppose 4*b = -0*o + 4*o - 296, 225 = k*o - 2*b. Suppose o = 2*m + 15. Is m a composite number?
False
Let z(r) = r**3 + r**2 + r + 254. Let w be z(0). Is w/(-1)*(-10)/4 a composite number?
True
Suppose 2*x - 1 = x - 5*n, -4*n = 4. Suppose 5*q - 3*h - 6 - 5 = 0, 32 = 5*q + 4*h. Suppose x = -2*l, 0 + 47 = q*i - l. Is i a prime number?
True
Let t(v) = 3*v**2 - 8*v + 7. Let j be t(7). Suppose -a - 3*y = -j, -4*a + 353 = -0*y - y. Is a a prime number?
True
Let c(d) = 4*d**3 - 4*d**2 - d + 3. Is c(5) a prime number?
False
Is (314/6)/((-1)/(-3)) prime?
True
Let f(y) = -94*y + 3. Let q be f(2). Let p = 264 + q. Suppose 2*i - i - p = 0. Is i composite?
False
Let l(m) = 22*m**2 - 2*m - 13. Is l(4) prime?
True
Suppose 0 = -4*f + 4*j + 18 + 22, -3*j = 3*f. Suppose -f*x + 156 = 1. Is x composite?
False
Let i(f) = -f**2 - 8*f + 4. Let s be i(-9). Let y = -1 + -15. Let d = s - y. Is d a composite number?
False
Suppose 4*c + d = 15, 2*c + 2*d = c - 5. Suppose -c*p + 7*s = 3*s - 45, -s + 5 = 2*p. Suppose 5*x - 2 = -p*i + x, 0 = -3*i - 3*x. Is i a composite number?
False
Let m(v) = -2*v + 1 - 7 - 5*v**3 + 4*v**3 + 10*v**2. Is m(7) a prime number?
True
Let q(t) = t**3 - 4*t**2 - 5*t - 4. Let i be q(5). Let g = i + 6. Suppose -1 = -g*z + 7, -3*z + 42 = 5*y. Is y a prime number?
False
Let v(h) = h**3 + 2*h**2 - 4*h + 5. Is v(4) a composite number?
True
Let i = -1969 - -4472. Is i prime?
True
Let f(n) = 4*n**3 - 3*n**2 - 10*n + 7. Let p be f(6). Suppose 3*a = 53 + p. Suppose -t = 3*t + 3*y - 224, 4*t = 4*y + a. Is t a prime number?
True
Suppose 4*o - 807 = 37. Is o a composite number?
False
Let b be 31/(-3) - 2/(-6). Let q be (-1135)/(-25) - (-4)/b. Let u = -20 + q. Is u prime?
False
Let b(k) = -k**2 + 6*k + 9. Let n be b(7). Is 307/n*(-26)/(-13) a prime number?
True
Let r be (0 + 12 - -1) + 1. Suppose r = p - 17. Is p/((-2)/(-2)) - 0 composite?
False
Suppose -4*d = -55 - 113. Let f = -27 + d. Let z = f - 4. Is z a prime number?
True
Suppose 2*p - 225 - 41 = 0. Is p a prime number?
False
Suppose 0 = -5*f + 453 + 1222. Is f a prime number?
False
Let r(a) = a + 11. Let n be r(-7). Let x be (n/2)/2 - -1. Is (-392)/(-3) - x/(-6) prime?
True
Let o = -20 + -2. Let p be (o - 0)/(0 + -2). Is p/(-2 + 1 + 2) prime?
True
Is 867/(-6)*(3 - 5) a composite number?
True
Let q(i) = 2*i - 1. Let f be q(1). Is (1/(1/247))/f a prime number?
False
Let u(p) = p**3 - 6*p**2 - 8*p + 9. Let s be u(7). Suppose 5*a = -s + 347. Suppose -2*c + 3*c - a = 0. Is c a prime number?
False
Suppose v + 0*v + 4 = 0. Let a = v - -9. Suppose -27 - 158 = -a*j. Is j prime?
True
Let r = 0 - -5. Suppose r*h - 15 = 5. Suppose -h*z = -4*y + 112, 58 + 31 = 3*y - 2*z. Is y a composite number?
True
Let i(o) = -3*o + 3*o**2 - 2 - 7 - 2*o. Suppose -29 = -5*y - 3*n, n + 4 - 2 = 0. Is i(y) prime?
True
Suppose 5*i = 3417 + 4778. Is i a prime number?
False
Suppose -2*c = -c - 1259. Is c prime?
True
Let x(n) = n**3 + n**2 + 16. Let l be x(0). Suppose -4*y - 5*z + l = 0, 2*z - z = 0. Suppose -159 = -5*k - 2*j, -2*k - 14 = -y*j - 68. Is k prime?
True
Let h be 1 + (447 - 1) + 1. Let i = h + -287. Is i a prime number?
False
Suppose -4*t = 4*j + 40, -t = 4*j - 3*t + 70. Let z = j - -56. Suppose a + 10 = z. Is a a prime number?
True
Suppose 4*y - 2*m - 13 = 13, 5*y + m = 15. Suppose -1006 = -y*n + j - 3*j, -n + 5*j = -224. Suppose 2*k = -k + n. Is k a composite number?
False
Let h = -5 + 7. Let g(m) be the first derivative of 6*m**2 - 3*m - 5. Is g(h) composite?
True
Let c = 2 - -5. Let l = -10 + c. Let v(g) = -4*g**3 + 2*g**2 + g + 4. Is v(l) composite?
False
Suppose -4*x - 7522 = -6*x. Is x composite?
False
Let z(n) = -13*n**3 - n + 1. Suppose 0 = -0*g + g - 2. Let v be z(g). Let f = 266 + v. Is f prime?
False
Suppose 2*d = 4*v + 754, 3*d - 2*v - 2*v - 1127 = 0. Is d a prime number?
True
Suppose 0 = m - 4*m - 3. Let c(o) = 1 - 48*o - 5*o - 65*o. Is c(m) composite?
True
Is (628/(-12))/(4/(-12)) composite?
False
Suppose y = -r + 4, 3*y + 9 = 2*r + 2*r. Suppose 4*j - r = 657. Let h = j + -112. Is h prime?
True
Let x(h) = 16*h**2 + 17*h - 6. Is x(-13) a prime number?
True
Is -527*(-3 + 1 - -1) a prime number?
False
Let u(o) = 0*o**2 + 2 - 7 + 4*o**2 - 6*o. Is u(9) a prime number?
False
Let w be (-12)/66 + 46/11. Suppose -5 = 5*t + 5*j - 0*j, -12 = w*j. Suppose -s + t*s = 37. Is s composite?
False
Suppose -2*u - d = -1351, 3*d + 2711 = 4*u + 2*d. Is u a prime number?
True
Suppose -3*u + 3*c = 0, 0*u + c - 8 = 5*u. Let p(a) = a**2 + 5*a + 2. Let y be p(u). Is (-434)/((-1)/((-2)/y)) a prime number?
False
Let v = -2 + 5. Suppose v*c - 16 = 62. Is c composite?
True
Suppose 3*l = 2*d - 2*l, 5*d = 5*l. Suppose 4*j - 4*b = 352, -j + d*b = 5*b - 82. Is j prime?
False
Let l = -620 + 927. Is l composite?
False
Suppose 4*h + 3*v + v - 28 = 0, -2*v - 10 = -4*h. Suppose -3*b = -3*u - h*b + 144, 100 = 2*u + 2*b. Is u a prime number?
True
Let p be (-1)/2*9*-26. Suppose -5*n + 1898 + p = 0. Is (-3 - n)/(-4 - -2) a composite number?
True
Let i = 44 + 99. Suppose -l + i = -4*k, -5*k - 270 = -2*l - k. Is l composite?
False
Suppose 0*h = -3*h - 30. Is 2/h + (-1496)/(-5) prime?
False
Let q = -570 + 1579. Is q a prime number?
True
Is (-3)/12 - 265287/(-44) a prime number?
True
Let b = 17 + -12. Let o = 2 + b. Suppose 0 = -2*p + o*p - 715. Is p prime?
False
Suppose 0*x + 3*p - 24 = -2*x, -2*x = 5*p - 24. Suppose x = w - 9. Is w composite?
True
Let c = 62 + -4. Suppose -c + 623 = 5*d. Is d composite?
False
Suppose 0 = 2*a + 784 - 246. Let z = a - -1318. Is z a prime number?
True
Suppose 3*f - 2*f = -v + 1954, -3*v = f - 1948. Is f composite?
True
Let z be ((-16)/(-12))/(2/3). Suppose -u - 332 = 4*i, z*u + 32 + 304 = -4*i. Let t = 1 - i. Is t prime?
True
Let c(t) = -2*t + 2. Let a be c(0). Is -1*(3 - a)*-191 a composite number?
False
Suppose 4196 = -z + 5*z. Is z prime?
True
Let a(i) be the first derivative of 5*i**3/3 + i - 4. Let v(g) = g**2 + g - 1. Let s be v(0). Is a(s) a composite number?
True
Let t = -1 + 1. Let x(s) = -s - 2. Let r be x(-4). Suppose 0 = -t*u - 4*u + r*b + 366, -420 = -5*u - 5*b. Is u composite?
False
Let o = -10 - -4. Let a(z) = 34*z - 7. Let b be a(o). Let j = -122 - b. Is j prime?
True
Let g be (-4)/14 - 4521/(-21). Let s = 600 - g. Suppose -4*p - p + s = 0. Is p composite?
True
Suppose -2*o + 4*o = 4. Is -4 + o + 1 - -22 a composite number?
True
Let h(a) = -22*a - 9. Is h(-10) a prime number?
True
Suppose 2*g - 74 = -0*g. Is g composite?
False
Let b(r) = -r**3 - 7*r**2 - 8*r - 6. Suppose 8*a = 4*a + 8. Suppose -a*y + 2 = 14. Is b(y) a prime number?
False
Let w(n) = n**3 + 2*n**2 - n - 1. Let f be w(-2). Let q(v) = 25*v**2. Is q(f) prime?
False
Let b(l) = -l**2 - 15*l - 8. Suppose -5*a - 3*u - 9 - 12 = 0, -5*u - 3 = 3*a. Is b(a) prime?
False
Let c be 8/(-6)*(-30)/20. Let h = c - 178. Let q = -118 - h. Is q a composite number?
True
Let p = -4 + 9. Let k be 38/10 + 1/p. Suppose k*z - 61 + 10 = s, -4*z - 4*s = -56. Is z composite?
False
Suppose 0 = -2*x + 4*x. Let s be -97 + 1/(-1 + x). Let q = s + 211. Is q a composite number?
False
Let r(i) = i**3 + 4*i**2 - i - 4. Let q be r(-4). Suppose q = -5*u - h - 18, 4*u + 0*h + 15 = -h. Is 37/(u + 6 - 2) a prime number?
True
Let o(b) = b**2 - 8*b - 6. Let w be o(8). Let a = 6 + w. Let d(g) = -g**2 + 34. Is d(a) a prime number?
False
Suppose -2*j = -2*t, -2*j = -5*t - 3*j + 24. Suppose 2*w = -t, 0*h - h = -4*w - 230. Is h/(-4)*4/(-6) prime?
True
Let n(a) = -a - 6. Let r be n(-8). Suppose -r*x = x - 927. Is x a prime number?
False
Suppose 6*i - i = 0. Suppose 3*h - 6 = 0, i*r + 2*r - 3*h = 188. Is r composite?
False
Let r(h) = 538*h**2 + 3*h - 5. Is r(2) a composite number?
False
Suppose -6*v - 165 = -11*v. Is v a prime number?
False
Suppose n - 2516 = -2*j, 0 = -3*j - n + 440 + 3335. Is j prime?
True
Let u be 0 + -1 - (-7 + -1). Let n(i) = -i + 7. Let k be n(u). Suppose k = -5*w - 0*w + 130. Is w prime?
False
Suppose 5*w - z = -4*z, 4*z = -20. 